e (19/(-4))/(1/(-116)). Suppose -2*f - 1460 = 4*t, 1096 = -0*t - 3*t - f. Let q = t + r. Is q a composite number?
True
Suppose -3*v - 4 - 2 = 0, 0 = -3*o - 2*v + 26. Let m(q) = 2*q**2 - 7*q + 11. Is m(o) a prime number?
False
Suppose 5*k + 4 = 3*c, 6*k + 6 = 3*k. Is 7*(10/c)/(-5) a prime number?
True
Let x(u) = -2*u**3 - 2*u**2 - 3*u - 25. Let c be x(-4). Let q = c - 12. Is q a composite number?
False
Let w(a) = -1 - a**2 - 21*a + 3*a**2 + 18*a - a**2. Let x be w(3). Is ((-145)/10)/(x/46) a prime number?
False
Let f = 159179 + -106512. Is f a prime number?
True
Suppose -33*b + 92889 + 63432 = 0. Is b a composite number?
True
Suppose -2*o - 80 = 6*o. Let a(n) = -267*n + 6. Let m be a(5). Is (-4)/o + m/(-15) prime?
True
Suppose 4*v = -20, -5*v + v = -3*k + 32. Let s(i) = 2*i**3 + 10*i**2 - 3 + 7*i**2 - 3*i + 2 - 11*i**2. Is s(k) composite?
False
Suppose 9 = -3*p, u - 4*p - 2300 - 4025 = 0. Is u a composite number?
True
Is 2521/((-8 - -6)/(-2)) a prime number?
True
Let f be 3424/144 + 8/36. Let h be 2/(-4) - 91/(-2). Let n = f + h. Is n prime?
False
Let x(j) = -12*j**3 + 9*j - 2. Let l be x(-5). Let f = -974 + l. Is f a prime number?
True
Let v be (-2)/(-3)*9/2. Suppose -x = 4*t + 5, -v*x = -4*t + t + 30. Is (-3)/(-9) - 456/x a prime number?
False
Let p = 555 + 166. Is p prime?
False
Suppose 4*s + m - 6 = s, 2*s - 5*m = 21. Let r be (-13 + 27)*(-60)/(-14). Is r - -1 - (0 + s) composite?
True
Is (-6)/8 - (-1719677)/332 prime?
True
Suppose -4*d = -3*g + g, -4*d - 30 = 3*g. Let y = -4 - g. Suppose 0 = y*i + 2*i - 1324. Is i composite?
False
Let s = 7973 - -148194. Is s prime?
False
Let t(m) = -124*m - 9. Let n be (-4 + 43)*(-1)/(-6)*-2. Is t(n) prime?
False
Let b(i) = 27*i**2 - 6*i - 2. Let t(o) = -o + 3. Let d be t(7). Is b(d) composite?
True
Let g(l) = l**3 + 400. Let w be g(0). Suppose 0 = y - 3*v - 246, -5*v - 153 = -y + 99. Let p = w - y. Is p prime?
True
Is (-10)/(-4) + ((-24747)/(-6) - -11) a composite number?
True
Let c be (3/(-2))/((-11)/(-22)) - -6. Is ((-12)/(-18) - c)/((-1)/381) composite?
True
Let c(r) = 728*r + 61. Is c(17) prime?
True
Suppose 36*m = h + 34*m - 13545, 3*m = h - 13550. Is h a prime number?
False
Suppose 45*d = 24*d + 16527. Is d composite?
False
Suppose -4*c = -6*c - 5*o - 36, -2*c - 8 = -2*o. Let u(f) = 5*f**2 - 6*f - 13. Is u(c) prime?
False
Let c(h) be the second derivative of -h**8/6720 - h**7/2520 - h**6/360 + 7*h**5/120 - h**4/3 - 3*h. Let x(a) be the third derivative of c(a). Is x(-6) prime?
True
Let r(u) be the third derivative of -15*u**4/2 + u**3/6 + 5*u**2. Is r(-10) a prime number?
True
Suppose -2*w = w + 3*d - 42321, -d = 0. Is w prime?
True
Suppose 0 = 3*i + 9, -3*i - 2178 = -3*u + 768. Is u a prime number?
False
Suppose -4051 = -2*t + z + 2148, 2*z = t - 3107. Is t a prime number?
False
Suppose 3*h - 5 = 1. Suppose -3*p - 3*t = -303, p - t = -h*p + 295. Let g = p + -40. Is g a composite number?
False
Suppose -4*d + 0*d = -16. Suppose -28 = -d*u + 4*c, 5*c - 11 + 1 = -4*u. Is (-774)/(-8) - u/(-20) a prime number?
True
Let u(h) = 5909*h**3 + 2*h**2 + 6*h - 8. Is u(1) composite?
True
Let o be -1026 - (-6 + 3 + -1). Let g = 1905 + o. Is g a prime number?
True
Let u(x) = 1078*x**2 - 1. Let t be (-2 + 1)/(-2 + 3). Is u(t) a composite number?
True
Suppose 0 = -12*k + 8*k + 6628. Is k composite?
False
Let f = 9 - 7. Suppose 5*k + f*v + 0*v - 1670 = 0, -4*k = -v - 1349. Suppose 0 = 5*l - k - 149. Is l a prime number?
True
Let h(z) = 2*z**3 - 11*z**2 - 3*z - 3. Let y be (-3)/(2/(12/9)). Let q(m) = -m**3 + m + 2. Let s be q(y). Is h(s) prime?
True
Let o(h) = h**2 - 17*h + 37. Let s be o(14). Let g(j) = -647*j + 12. Is g(s) composite?
True
Suppose 0*g = -5*g - 2*n - 5, 5*g - n = -20. Is ((-282)/(-8))/(g/(-28)) a composite number?
True
Suppose 4 = 4*r, -4*g = -2*g + 2*r - 744. Is g a composite number?
True
Let f(s) = 45*s + 2. Let i(z) = -z**3 + 8. Let d be i(0). Let g be f(d). Let v = 613 - g. Is v a prime number?
True
Let p(k) = 13*k - 3. Let d be p(10). Is (d - 0)/(-10 - -11) prime?
True
Suppose -r = -3, k + 3*r - 24085 = -6737. Is k prime?
False
Suppose -2*t - 3*z + 15 - 2 = 0, 0 = 4*t - 3*z + 1. Suppose 4*q + 3057 = 5*u - 4325, -3*q = t*u - 2962. Is u a prime number?
False
Let u be ((-6)/(-4))/((-24)/32). Let f be u - -5 - (2 - -1). Suppose -t + 2*t - 163 = f. Is t a prime number?
True
Suppose h + 41 = -3*u - 103, 5 = u. Suppose -8*p - 338 = -2562. Let f = p + h. Is f a composite number?
True
Suppose 4*x + 280551 = 5*h, -6*x - 112226 = -2*h - 3*x. Is h prime?
False
Let x(w) = 253*w**2 + 31*w + 5. Is x(4) composite?
False
Let j = -5 - -5. Suppose 5*g = -15 - j. Is 2 + (-3 - 252)/g prime?
False
Suppose 4*c = -0*c + 5*x + 5373, -x = c - 1350. Is c a composite number?
True
Let p(l) = l**3 + 12*l**2 - l - 10. Let r be p(-12). Suppose -7*w + r*w = -6805. Is w composite?
False
Let x be 4 + (4 - 5) - 3. Suppose -5*y - 5*c + 2515 = x, 5*y - 706 = -2*c + 1809. Is y prime?
True
Suppose 2*j + 374 = 5*y + 4*j, j - 2 = 0. Is y a composite number?
True
Suppose -p - 4*h = -5, 4*h - 18 = -5*p + 7. Let c be (-2 - 1 - -2) + p. Let n = c - -22. Is n composite?
True
Let r = -3 + 9. Let h be ((-3)/r)/((-1)/182). Let d = 88 + h. Is d composite?
False
Let f(q) = 7*q**2 + 1. Let g be f(2). Let d(y) = -2*y**3 - 1 + g*y**3 - 2*y + 0. Is d(2) composite?
False
Suppose 4*p + 25 = 13. Is p/4 + (5733/12 - -4) prime?
False
Let p be (-10)/(-2)*3/5. Suppose -4*j - p*b - 1 = 0, b + 4 - 1 = 0. Suppose -5*d + 356 = -j*u + u, -4*u - 4 = 0. Is d a composite number?
False
Suppose 5*z - 3*z = 3*j - 16, 0 = 4*j + 2*z - 12. Suppose -4*b = 3*k - 1567, -j*b - 407 + 2503 = 4*k. Is k composite?
True
Suppose 7 = -2*r + 15. Suppose b + l = 582, -r*b = -0*b - 2*l - 2334. Is b a composite number?
True
Let v = 1365 + -636. Let b = v - 391. Let x = 573 - b. Is x a prime number?
False
Let k(d) = -d + 8. Let h be k(6). Suppose -2*m + 2*b - 5*b + 6 = 0, b = -2*m + h. Suppose 5*c = -2*s + 149, m = -0*c - 2*c - 6. Is s prime?
False
Let z(r) = 84*r**3 - r**2 + 3*r + 5. Let x be z(-2). Let m = 1096 + x. Is m a prime number?
True
Let x(k) = 15*k**2 + 3*k - 8. Let d be x(2). Let h(t) = t**3 + 5*t**2 - 8*t - 7. Let w be h(-6). Suppose u - 95 = -u - w*p, d = u - p. Is u composite?
True
Let r(l) = -16*l**3 - l**2 + 2*l + 3. Is r(-2) prime?
False
Suppose 0 = -11*g + 6*g + 4475. Suppose 452 = n - p, n = -n - p + g. Is n prime?
True
Let l = -10 - -15. Suppose -62*i + 21643 + 491 = 0. Suppose -2*r = -l*r + i. Is r prime?
False
Suppose -w + 5*p = p - 408, 4*w - 5*p = 1665. Suppose -4*u = -u - 2*l - 630, w = 2*u - 3*l. Suppose 4*j - 454 - u = -2*t, j - 173 = 3*t. Is j a prime number?
True
Is 15626/4 - 167/(-334) a composite number?
False
Let k(n) be the first derivative of -n**4/4 + 2*n**3 + 3*n**2/2 + 17*n - 18. Is k(-9) a prime number?
False
Suppose -g + 5*g = -q + 10, 1 = g + q. Suppose -4*b + 8*b = -g*t - 33, 4*t = 4*b + 12. Is b*395/10*-1 prime?
False
Let n(a) = -174*a + 23. Is n(-5) prime?
False
Suppose 14*u - 60 = 4*u. Let n = u + 181. Is n a prime number?
False
Let r = 8881 + 3958. Is r prime?
False
Suppose -25*w + 1036 = -31939. Is w prime?
True
Let o(r) = 0 - 2*r**2 - 1 + 1 - r + 1. Let u be o(0). Let q(a) = 93*a - 2. Is q(u) prime?
False
Let m = -16 + 7. Let t(c) = -c**3 - 6*c**2 + 19*c + 2. Is t(m) a prime number?
False
Let z = -33 - -56. Let o = z + -43. Is (-6155)/o - 3/4 a composite number?
False
Let b(o) = 9*o**2 - 4*o + 10. Let w = 32 - 39. Is b(w) composite?
False
Suppose -2*m - 1361 = -3*q, 4*m - 2*m - 1381 = -3*q. Suppose -2*n - i = -718, -261 = -2*n + i + q. Is n a composite number?
False
Suppose 105*t - 20811 = 98*t. Is t a prime number?
False
Suppose 3*j = -3*j + 18. Suppose -1590 = -j*l - 333. Is l prime?
True
Suppose 8*s + 25 = 13*s. Suppose 992 + 2373 = s*k. Is k composite?
False
Suppose -j - 6 = -4*j. Suppose 0 = 3*t + 9, -3*k - j*t - 12 + 63 = 0. Is k a prime number?
True
Let o(b) = 2*b**3 - 8*b**2 - 78*b + 157. Is o(33) composite?
True
Let b(z) be the first derivative of z**4/4 - 2*z**3/3 - 7*z**2/2 + 3*z + 1. Let k be b(-4). Is (-10608)/k - (-2)/(-10) a composite number?
False
Let m(x) = -x**2 - 4*x + 1. Let q be m(-3). Let k(f) = -f**2 + 5*f - 2. Let v be k(q). Suppose -5*s + 633 = -v*s. Is s a composite number?
False
Let s = -69 - -63. Is (s/9)/((